







{"id":617,"date":"2019-01-29T15:54:55","date_gmt":"2019-01-29T13:54:55","guid":{"rendered":"http:\/\/wp-test.autoexpo-portal.de\/?page_id=617"},"modified":"2026-01-13T14:14:50","modified_gmt":"2026-01-13T13:14:50","slug":"portrait","status":"publish","type":"page","link":"https:\/\/wp.autoexpo-portal.de\/index.php\/portrait\/","title":{"rendered":"Portrait"},"content":{"rendered":"\t\t<div data-elementor-type=\"wp-post\" data-elementor-id=\"617\" class=\"elementor elementor-617\">\n\t\t\t\t\t\t<section class=\"elementor-section elementor-top-section elementor-element elementor-element-450cfe87 elementor-section-boxed elementor-section-height-default elementor-section-height-default\" data-id=\"450cfe87\" data-element_type=\"section\">\n\t\t\t\t\t\t<div class=\"elementor-container elementor-column-gap-default\">\n\t\t\t\t\t<div class=\"elementor-column elementor-col-100 elementor-top-column elementor-element elementor-element-5e4fd0a3\" data-id=\"5e4fd0a3\" data-element_type=\"column\">\n\t\t\t<div class=\"elementor-widget-wrap elementor-element-populated\">\n\t\t\t\t\t\t<div class=\"elementor-element elementor-element-464fcdc elementor-widget elementor-widget-heading\" data-id=\"464fcdc\" data-element_type=\"widget\" data-widget_type=\"heading.default\">\n\t\t\t\t\t<h2 class=\"elementor-heading-title elementor-size-default\">Autohandel? Autoforum? Autopark? Automeile? <br>Egal, was oder wen Sie suchen. Wir sind alles. Und ein wenig mehr.<\/h2>\t\t\t\t<\/div>\n\t\t\t\t<section class=\"elementor-section elementor-inner-section elementor-element elementor-element-f25bc24 elementor-section-full_width elementor-section-height-default elementor-section-height-default\" data-id=\"f25bc24\" data-element_type=\"section\">\n\t\t\t\t\t\t<div class=\"elementor-container elementor-column-gap-default\">\n\t\t\t\t\t<div class=\"elementor-column elementor-col-50 elementor-inner-column elementor-element elementor-element-b793c8d\" data-id=\"b793c8d\" data-element_type=\"column\">\n\t\t\t<div class=\"elementor-widget-wrap elementor-element-populated\">\n\t\t\t\t\t\t<div class=\"elementor-element elementor-element-eadc111 elementor-widget elementor-widget-image\" data-id=\"eadc111\" data-element_type=\"widget\" data-widget_type=\"image.default\">\n\t\t\t\t\t\t\t\t\t\t\t\t\t\t\t<img fetchpriority=\"high\" decoding=\"async\" width=\"2560\" height=\"1708\" src=\"https:\/\/wp.autoexpo-portal.de\/wp-content\/uploads\/2021\/12\/Gelande_2_kopie1-scaled.jpg\" class=\"attachment-full size-full wp-image-1661\" alt=\"Autoexpo Gel\u00e4nde\" srcset=\"https:\/\/wp.autoexpo-portal.de\/wp-content\/uploads\/2021\/12\/Gelande_2_kopie1-scaled.jpg 2560w, https:\/\/wp.autoexpo-portal.de\/wp-content\/uploads\/2021\/12\/Gelande_2_kopie1-300x200.jpg 300w, https:\/\/wp.autoexpo-portal.de\/wp-content\/uploads\/2021\/12\/Gelande_2_kopie1-1024x683.jpg 1024w, https:\/\/wp.autoexpo-portal.de\/wp-content\/uploads\/2021\/12\/Gelande_2_kopie1-768x512.jpg 768w, https:\/\/wp.autoexpo-portal.de\/wp-content\/uploads\/2021\/12\/Gelande_2_kopie1-1536x1025.jpg 1536w, https:\/\/wp.autoexpo-portal.de\/wp-content\/uploads\/2021\/12\/Gelande_2_kopie1-2048x1366.jpg 2048w\" sizes=\"100vw\" \/>\t\t\t\t\t\t\t\t\t\t\t\t\t\t\t<\/div>\n\t\t\t\t\t<\/div>\n\t\t<\/div>\n\t\t\t\t<div class=\"elementor-column elementor-col-50 elementor-inner-column elementor-element elementor-element-349316f\" data-id=\"349316f\" data-element_type=\"column\">\n\t\t\t<div class=\"elementor-widget-wrap elementor-element-populated\">\n\t\t\t\t\t\t<div class=\"elementor-element elementor-element-1c5460c elementor-widget elementor-widget-text-editor\" data-id=\"1c5460c\" data-element_type=\"widget\" data-widget_type=\"text-editor.default\">\n\t\t\t\t\t\t\t\t\t<p>Zur Gr\u00fcndung der <strong>auto<\/strong>expo im Jahr 1989 h\u00e4tte niemand damit gerechnet, dass wir heute das gr\u00f6\u00dfte Gebrauchtwagenzentrum in der Mitte von Deutschland und eines der gr\u00f6\u00dften in Europa sind.\u00a0 Das, was die <strong>auto<\/strong>expo so einzigartig macht, ist nat\u00fcrlich unsere riesige Auswahl an sofort verf\u00fcgbaren jungen Gebrauchtfahrzeugen &#8211; in qualitativ hochwertigem Zustand. Auf insgesamt 78.000 qm umfasst unsere Gebrauchtwagenausstellung regelm\u00e4\u00dfig \u00fcber 1.500 Fahrzeuge aller Premiummarken. Das <strong>auto<\/strong>expo Sortiment umfasst vom Kleinwagen \u00fcber Limousinen, Kombis, Cabrios, SUVs, Sportwagen und Transporter bis hin zu Fahrzeugen der Luxusklasse eigentlich alles. Selbst Nutz- &amp; Freizeitfahrzeuge finden Sie bei uns.<\/p><p>Seit \u00fcber 30 Jahren steht der Name <strong>auto<\/strong>expo f\u00fcr zufriedene Privatkunden, Gewerbekunden und Autoh\u00e4ndler. Damit dies auch weiterhin so bleibt, achten wir stets darauf, dass die Qualit\u00e4t unserer Leasingr\u00fcckl\u00e4ufer auf dem hohen Niveau bleibt, das wir uns selbst als Ma\u00dfstab gesetzt haben. Aus diesem Grund vermarkten wir von <strong>auto<\/strong>expo fast ausschlie\u00dflich Fahrzeuge aus beendeten Leasingvertr\u00e4gen unseres Mutterkonzerns &#8211; der Deutschen Leasing Gruppe.<\/p>\t\t\t\t\t\t\t\t<\/div>\n\t\t\t\t\t<\/div>\n\t\t<\/div>\n\t\t\t\t\t<\/div>\n\t\t<\/section>\n\t\t\t\t<div class=\"elementor-element elementor-element-9b69184 elementor-hidden-phone elementor-widget elementor-widget-spacer\" data-id=\"9b69184\" data-element_type=\"widget\" data-widget_type=\"spacer.default\">\n\t\t\t\t\t\t\t<div class=\"elementor-spacer\">\n\t\t\t<div class=\"elementor-spacer-inner\"><\/div>\n\t\t<\/div>\n\t\t\t\t\t\t<\/div>\n\t\t\t\t<div class=\"elementor-element elementor-element-c3cfb66 elementor-widget elementor-widget-heading\" data-id=\"c3cfb66\" data-element_type=\"widget\" data-widget_type=\"heading.default\">\n\t\t\t\t\t<h3 class=\"elementor-heading-title elementor-size-default\">Daten und Fakten<\/h3>\t\t\t\t<\/div>\n\t\t\t\t<div class=\"elementor-element elementor-element-b8da5ba elementor-widget elementor-widget-text-editor\" data-id=\"b8da5ba\" data-element_type=\"widget\" data-widget_type=\"text-editor.default\">\n\t\t\t\t\t\t\t\t\t<b>Die <strong>auto<\/strong>expo<\/b><br><br>\n\n<table style=\"border: none; border-collapse: collapse; table-layout: fixed; line-height: 1.4;\" cellspacing=\"0\" cellpadding=\"0\">\n<tbody>\n<tr style=\"border: none; vertical-align: top;\">\n<td style=\"border: none; width: 160px; padding: 4px 0;\">Gr\u00fcndung:<\/td>\n<td style=\"border: none; padding: 4px 0;\">1989<\/td>\n<\/tr>\n<tr style=\"border: none; vertical-align: top;\">\n<td style=\"border: none; width: 160px; padding: 4px 0;\">Gesellschafter:<\/td>\n<td style=\"border: none; padding: 4px 0;\">Deutsche Sparkassen Leasing AG &amp; Co KG (100% Deutsche Leasing Gruppe)<\/td>\n<\/tr>\n<tr style=\"border: none; vertical-align: top;\">\n<td style=\"border: none; width: 160px; padding: 4px 0;\">Gesch\u00e4ftsf\u00fchrer:<\/td>\n<td style=\"border: none; padding: 4px 0;\">Michael Orth, Dennis Schmidt<\/td>\n<\/tr>\n<tr style=\"border: none; vertical-align: top;\">\n<td style=\"border: none; width: 160px; padding: 4px 0;\">Mitarbeiter\/innen:<\/td>\n<td style=\"border: none; padding: 4px 0;\">49<\/td>\n<\/tr>\n<tr style=\"border: none; vertical-align: top;\">\n<td style=\"border: none; width: 160px; padding: 4px 0;\">Externe Dienstleister:<\/td>\n<td style=\"border: none; padding: 4px 0;\">Weitere 40 Arbeitspl\u00e4tze z.B. beim T\u00dcV, Werkstatt, dem Glaser oder der Platzorganisation.<\/td>\n<\/tr>\n<tr style=\"border: none; vertical-align: top;\">\n<td style=\"border: none; width: 160px; padding: 4px 0;\">Kapazit\u00e4t:<\/td>\n<td style=\"border: none; padding: 4px 0;\">3.000 Fahrzeuge<\/td>\n<\/tr>\n<tr style=\"border: none; vertical-align: top;\">\n<td style=\"border: none; width: 160px; padding: 4px 0;\">Verkauf\/Jahr:<\/td>\n<td style=\"border: none; padding: 4px 0;\">ca. 15.500 Fahrzeuge<\/td>\n<\/tr>\n<tr style=\"border: none; vertical-align: top;\">\n<td style=\"border: none; width: 160px; padding: 4px 0;\">Umsatz:<\/td>\n<td style=\"border: none; padding: 4px 0;\">\u00fcber 280 Millionen Euro<\/td>\n<\/tr>\n<\/tbody>\n<\/table>\n\n<br><br>\n\n<b>Das Angebot<\/b><br><br>\nKlein-, Mittel- und gehobene Mittelklassewagen, Fahrzeuge der Luxusklasse und Cabrios. Im geringeren Umfang auch Nutz- und Freizeitfahrzeuge.<br><br>\nVermarktungswege: Direkter, pers\u00f6nlicher Besuch; www.autoexpo.de, autoexpo-App, Internet-Gebrauchtwagenb\u00f6rsen\n\n<br><br>\n\n<b>Geb\u00e4ude und Gel\u00e4nde<\/b><br><br>\nGesamtfl\u00e4che: 78.000 qm<br>\n100 Besucher-Parkpl\u00e4tze, 35 Fahrzeuge im Showroom<br>\nDie Ausstellungshalle samt Werkstatt und B\u00fcros umfasst 5.500 Quadratmeter, die \u00fcberdachte Au\u00dfenanlage 3.000 Quadratmeter. 69.000 Quadratmeter Au\u00dfenanlage stehen zur Verf\u00fcgung. Somit ist <strong>auto<\/strong>expo europaweit eines der gr\u00f6\u00dften Autoh\u00e4user f\u00fcr Gebrauchtfahrzeuge.\n\t\t\t\t\t\t\t\t<\/div>\n\t\t\t\t<div class=\"elementor-element elementor-element-e646894 elementor-hidden-phone elementor-widget elementor-widget-spacer\" data-id=\"e646894\" data-element_type=\"widget\" data-widget_type=\"spacer.default\">\n\t\t\t\t\t\t\t<div class=\"elementor-spacer\">\n\t\t\t<div class=\"elementor-spacer-inner\"><\/div>\n\t\t<\/div>\n\t\t\t\t\t\t<\/div>\n\t\t\t\t<div class=\"elementor-element elementor-element-a50ef47 elementor-widget elementor-widget-heading\" data-id=\"a50ef47\" data-element_type=\"widget\" data-widget_type=\"heading.default\">\n\t\t\t\t\t<h3 class=\"elementor-heading-title elementor-size-default\">Vorstellung<\/h3>\t\t\t\t<\/div>\n\t\t\t\t<section class=\"elementor-section elementor-inner-section elementor-element elementor-element-1073bf3 elementor-section-boxed elementor-section-height-default elementor-section-height-default\" data-id=\"1073bf3\" data-element_type=\"section\">\n\t\t\t\t\t\t<div class=\"elementor-container elementor-column-gap-default\">\n\t\t\t\t\t<div class=\"elementor-column elementor-col-50 elementor-inner-column elementor-element elementor-element-7449221\" data-id=\"7449221\" data-element_type=\"column\">\n\t\t\t<div class=\"elementor-widget-wrap elementor-element-populated\">\n\t\t\t\t\t\t<div class=\"elementor-element elementor-element-ca3b53e elementor-widget elementor-widget-text-editor\" data-id=\"ca3b53e\" data-element_type=\"widget\" data-widget_type=\"text-editor.default\">\n\t\t\t\t\t\t\t\t\tNach vielen Daten und Fakten zu unserem Hause, d\u00fcrfen wir Sie jetzt einladen unseren <strong>auto<\/strong>expo-Film zu schauen. Von der Anlieferung der Leasingfahrzeuge bis zum Verkauf des neuen Gebrauchten gew\u00e4hren wir Ihnen Einblicke hinter und vor die Kulissen!\nMachen Sie sich einen Eindruck von der gelebten Qualit\u00e4t und Auswahl in unserem Unternehmen.\nViel Spa\u00df beim Schauen!\t\t\t\t\t\t\t\t<\/div>\n\t\t\t\t\t<\/div>\n\t\t<\/div>\n\t\t\t\t<div class=\"elementor-column elementor-col-50 elementor-inner-column elementor-element elementor-element-be42a17\" data-id=\"be42a17\" data-element_type=\"column\">\n\t\t\t<div class=\"elementor-widget-wrap elementor-element-populated\">\n\t\t\t\t\t\t<div class=\"elementor-element elementor-element-b998a2d elementor-widget elementor-widget-html\" data-id=\"b998a2d\" data-element_type=\"widget\" data-widget_type=\"html.default\">\n\t\t\t\t\t<iframe src=\"https:\/\/www.youtube-nocookie.com\/embed\/ntGjpMtf0IU?rel=0\" width=\"530\" height=\"298\" frameborder=\"0\" allowfullscreen=\"allowfullscreen\"><\/iframe>\t\t\t\t<\/div>\n\t\t\t\t\t<\/div>\n\t\t<\/div>\n\t\t\t\t\t<\/div>\n\t\t<\/section>\n\t\t\t\t\t<\/div>\n\t\t<\/div>\n\t\t\t\t\t<\/div>\n\t\t<\/section>\n\t\t\t\t<section class=\"elementor-section elementor-top-section elementor-element elementor-element-7664d0f elementor-section-boxed elementor-section-height-default elementor-section-height-default\" data-id=\"7664d0f\" data-element_type=\"section\">\n\t\t\t\t\t\t<div class=\"elementor-container elementor-column-gap-default\">\n\t\t\t\t\t<div class=\"elementor-column elementor-col-50 elementor-top-column elementor-element elementor-element-57ceb4e\" data-id=\"57ceb4e\" data-element_type=\"column\">\n\t\t\t<div class=\"elementor-widget-wrap elementor-element-populated\">\n\t\t\t\t\t\t<div class=\"elementor-element elementor-element-18bb5c8 elementor-widget elementor-widget-html\" data-id=\"18bb5c8\" data-element_type=\"widget\" data-widget_type=\"html.default\">\n\t\t\t\t\t<iframe src=\"https:\/\/www.youtube.com\/embed\/R5-1hesimWQ?si=IxxmtHPuXvu4grET\" width=\"530\" height=\"298\" frameborder=\"0\" allowfullscreen=\"allowfullscreen\"><\/iframe>\t\t\t\t<\/div>\n\t\t\t\t\t<\/div>\n\t\t<\/div>\n\t\t\t\t<div class=\"elementor-column elementor-col-50 elementor-top-column elementor-element elementor-element-62a8553\" data-id=\"62a8553\" data-element_type=\"column\">\n\t\t\t<div class=\"elementor-widget-wrap elementor-element-populated\">\n\t\t\t\t\t\t<div class=\"elementor-element elementor-element-4ecdd3b elementor-widget elementor-widget-text-editor\" data-id=\"4ecdd3b\" data-element_type=\"widget\" data-widget_type=\"text-editor.default\">\n\t\t\t\t\t\t\t\t\t<p>Lust auf einen spektakul\u00e4ren Flug?<br \/>Einsteigen, anschnallen, festhalten und los geht\u2019s!<br \/>Unser Drohnenfilm zeigt auf rasante und spannende Art unsere Vielfalt und Auswahl an Fahrzeugen.<br \/>Fasst zum Anfassen!<br \/>Viel Spa\u00df beim Anschauen.<\/p><p>Aber daf\u00fcr sind wir nat\u00fcrlich auch vor Ort:<br \/>Montags bis freitags von 8 bis 17 Uhr.<br \/>Besuchen Sie uns und finden Ihren neuen Gebrauchten.<\/p><p>Wir freuen uns auf Sie:<br \/><strong>auto<\/strong>expo &#8211; Ihr Gebrauchtwagen-Mega-Store im <img decoding=\"async\" class=\"emoji\" role=\"img\" draggable=\"false\" src=\"https:\/\/s.w.org\/images\/core\/emoji\/13.1.0\/svg\/2764.svg\" alt=\"\u2764\ufe0f\" \/> von Hessen<\/p>\t\t\t\t\t\t\t\t<\/div>\n\t\t\t\t\t<\/div>\n\t\t<\/div>\n\t\t\t\t\t<\/div>\n\t\t<\/section>\n\t\t\t\t<\/div>\n\t\t","protected":false},"excerpt":{"rendered":"<p>Autohandel? Autoforum? Autopark? Automeile? Egal, was oder wen Sie suchen. Wir sind alles. Und ein wenig mehr. Zur Gr\u00fcndung der autoexpo im Jahr 1989 h\u00e4tte niemand damit gerechnet, dass wir heute das gr\u00f6\u00dfte Gebrauchtwagenzentrum in der Mitte von Deutschland und eines der gr\u00f6\u00dften in Europa sind.\u00a0 Das, was die autoexpo so einzigartig macht, ist nat\u00fcrlich &hellip; <\/p>\n<p class=\"link-more\"><a href=\"https:\/\/wp.autoexpo-portal.de\/index.php\/portrait\/\" class=\"more-link\">Continue reading<span class=\"screen-reader-text\"> &#8220;Portrait&#8221;<\/span><\/a><\/p>\n","protected":false},"author":9,"featured_media":0,"parent":0,"menu_order":0,"comment_status":"closed","ping_status":"closed","template":"elementor_header_footer","meta":{"footnotes":""},"class_list":["post-617","page","type-page","status-publish","hentry"],"yoast_head":"<!-- This site is optimized with the Yoast SEO plugin v24.8.1 - https:\/\/yoast.com\/wordpress\/plugins\/seo\/ -->\n<title>Portrait - Mehr \u00fcber uns | autoexpo Deutsche Automarkt GmbH<\/title>\n<meta name=\"description\" content=\"Zahlen, Daten &amp; Fakten zur autoexpo \u2013 Seit 1989 eines der gr\u00f6\u00dften Gebrauchtwagenzentren Europas. \u00dcber 1.500 Fahrzeuge auf 78.000\u202fm\u00b2. \u25ba Mehr erfahren\" \/>\n<meta name=\"robots\" content=\"index, follow, max-snippet:-1, max-image-preview:large, max-video-preview:-1\" \/>\n<link rel=\"canonical\" href=\"https:\/\/wp.autoexpo-portal.de\/index.php\/portrait\/\" \/>\n<meta property=\"og:locale\" content=\"en_US\" \/>\n<meta property=\"og:type\" content=\"article\" \/>\n<meta property=\"og:title\" content=\"Portrait - Mehr \u00fcber uns | autoexpo Deutsche Automarkt GmbH\" \/>\n<meta property=\"og:description\" content=\"Zahlen, Daten &amp; Fakten zur autoexpo \u2013 Seit 1989 eines der gr\u00f6\u00dften Gebrauchtwagenzentren Europas. \u00dcber 1.500 Fahrzeuge auf 78.000\u202fm\u00b2. \u25ba Mehr erfahren\" \/>\n<meta property=\"og:url\" content=\"https:\/\/wp.autoexpo-portal.de\/index.php\/portrait\/\" \/>\n<meta property=\"og:site_name\" content=\"autoexpo \u2013 Gebrauchtwagen Autohaus | Leasingr\u00fcckl\u00e4ufer kaufen\" \/>\n<meta property=\"article:publisher\" content=\"https:\/\/www.facebook.com\/autoexpofernwald\" \/>\n<meta property=\"article:modified_time\" content=\"2026-01-13T13:14:50+00:00\" \/>\n<meta property=\"og:image\" content=\"https:\/\/wp.autoexpo-portal.de\/wp-content\/uploads\/2021\/12\/Gelande_2_kopie1-scaled.jpg\" \/>\n<meta name=\"twitter:card\" content=\"summary_large_image\" \/>\n<meta name=\"twitter:label1\" content=\"Est. reading time\" \/>\n\t<meta name=\"twitter:data1\" content=\"3 minutes\" \/>\n<script type=\"application\/ld+json\" class=\"yoast-schema-graph\">{\"@context\":\"https:\/\/schema.org\",\"@graph\":[{\"@type\":\"WebPage\",\"@id\":\"https:\/\/wp.autoexpo-portal.de\/index.php\/portrait\/\",\"url\":\"https:\/\/wp.autoexpo-portal.de\/index.php\/portrait\/\",\"name\":\"Portrait - Mehr \u00fcber uns | autoexpo Deutsche Automarkt GmbH\",\"isPartOf\":{\"@id\":\"https:\/\/wp.autoexpo-portal.de\/#website\"},\"primaryImageOfPage\":{\"@id\":\"https:\/\/wp.autoexpo-portal.de\/index.php\/portrait\/#primaryimage\"},\"image\":{\"@id\":\"https:\/\/wp.autoexpo-portal.de\/index.php\/portrait\/#primaryimage\"},\"thumbnailUrl\":\"https:\/\/wp.autoexpo-portal.de\/wp-content\/uploads\/2021\/12\/Gelande_2_kopie1-scaled.jpg\",\"datePublished\":\"2019-01-29T13:54:55+00:00\",\"dateModified\":\"2026-01-13T13:14:50+00:00\",\"description\":\"Zahlen, Daten & Fakten zur autoexpo \u2013 Seit 1989 eines der gr\u00f6\u00dften Gebrauchtwagenzentren Europas. \u00dcber 1.500 Fahrzeuge auf 78.000\u202fm\u00b2. \u25ba Mehr erfahren\",\"breadcrumb\":{\"@id\":\"https:\/\/wp.autoexpo-portal.de\/index.php\/portrait\/#breadcrumb\"},\"inLanguage\":\"en-US\",\"potentialAction\":[{\"@type\":\"ReadAction\",\"target\":[\"https:\/\/wp.autoexpo-portal.de\/index.php\/portrait\/\"]}]},{\"@type\":\"ImageObject\",\"inLanguage\":\"en-US\",\"@id\":\"https:\/\/wp.autoexpo-portal.de\/index.php\/portrait\/#primaryimage\",\"url\":\"https:\/\/wp.autoexpo-portal.de\/wp-content\/uploads\/2021\/12\/Gelande_2_kopie1-scaled.jpg\",\"contentUrl\":\"https:\/\/wp.autoexpo-portal.de\/wp-content\/uploads\/2021\/12\/Gelande_2_kopie1-scaled.jpg\",\"width\":2560,\"height\":1708,\"caption\":\"Autoexpo Gel\u00e4nde\"},{\"@type\":\"BreadcrumbList\",\"@id\":\"https:\/\/wp.autoexpo-portal.de\/index.php\/portrait\/#breadcrumb\",\"itemListElement\":[{\"@type\":\"ListItem\",\"position\":1,\"name\":\"Home\",\"item\":\"https:\/\/wp.autoexpo-portal.de\/\"},{\"@type\":\"ListItem\",\"position\":2,\"name\":\"Portrait\"}]},{\"@type\":\"WebSite\",\"@id\":\"https:\/\/wp.autoexpo-portal.de\/#website\",\"url\":\"https:\/\/wp.autoexpo-portal.de\/\",\"name\":\"autoexpo\",\"description\":\"\ud83d\ude97 Einer der gr\u00f6\u00dften Gebrauchtwagenh\u00e4ndler in Europa: Leasingr\u00fcckl\u00e4ufer Autohandel \u2714\ufe0f 1.500+ Fahrzeuge \u2714\ufe0f Top-Preise \u25ba Jetzt online entdecken!\",\"publisher\":{\"@id\":\"https:\/\/wp.autoexpo-portal.de\/#organization\"},\"potentialAction\":[{\"@type\":\"SearchAction\",\"target\":{\"@type\":\"EntryPoint\",\"urlTemplate\":\"https:\/\/wp.autoexpo-portal.de\/?s={search_term_string}\"},\"query-input\":{\"@type\":\"PropertyValueSpecification\",\"valueRequired\":true,\"valueName\":\"search_term_string\"}}],\"inLanguage\":\"en-US\"},{\"@type\":\"Organization\",\"@id\":\"https:\/\/wp.autoexpo-portal.de\/#organization\",\"name\":\"autoexpo\",\"url\":\"https:\/\/wp.autoexpo-portal.de\/\",\"logo\":{\"@type\":\"ImageObject\",\"inLanguage\":\"en-US\",\"@id\":\"https:\/\/wp.autoexpo-portal.de\/#\/schema\/logo\/image\/\",\"url\":\"https:\/\/wp.autoexpo-portal.de\/wp-content\/uploads\/2025\/04\/logo-autoexpo-trans.png\",\"contentUrl\":\"https:\/\/wp.autoexpo-portal.de\/wp-content\/uploads\/2025\/04\/logo-autoexpo-trans.png\",\"width\":600,\"height\":113,\"caption\":\"autoexpo\"},\"image\":{\"@id\":\"https:\/\/wp.autoexpo-portal.de\/#\/schema\/logo\/image\/\"},\"sameAs\":[\"https:\/\/www.facebook.com\/autoexpofernwald\",\"https:\/\/www.instagram.com\/autoexpofernwald\/?hl=de\"]}]}<\/script>\n<!-- \/ Yoast SEO plugin. -->","yoast_head_json":{"title":"Portrait - Mehr \u00fcber uns | autoexpo Deutsche Automarkt GmbH","description":"Zahlen, Daten & Fakten zur autoexpo \u2013 Seit 1989 eines der gr\u00f6\u00dften Gebrauchtwagenzentren Europas. \u00dcber 1.500 Fahrzeuge auf 78.000\u202fm\u00b2. \u25ba Mehr erfahren","robots":{"index":"index","follow":"follow","max-snippet":"max-snippet:-1","max-image-preview":"max-image-preview:large","max-video-preview":"max-video-preview:-1"},"canonical":"https:\/\/wp.autoexpo-portal.de\/index.php\/portrait\/","og_locale":"en_US","og_type":"article","og_title":"Portrait - Mehr \u00fcber uns | autoexpo Deutsche Automarkt GmbH","og_description":"Zahlen, Daten & Fakten zur autoexpo \u2013 Seit 1989 eines der gr\u00f6\u00dften Gebrauchtwagenzentren Europas. \u00dcber 1.500 Fahrzeuge auf 78.000\u202fm\u00b2. \u25ba Mehr erfahren","og_url":"https:\/\/wp.autoexpo-portal.de\/index.php\/portrait\/","og_site_name":"autoexpo \u2013 Gebrauchtwagen Autohaus | Leasingr\u00fcckl\u00e4ufer kaufen","article_publisher":"https:\/\/www.facebook.com\/autoexpofernwald","article_modified_time":"2026-01-13T13:14:50+00:00","og_image":[{"url":"https:\/\/wp.autoexpo-portal.de\/wp-content\/uploads\/2021\/12\/Gelande_2_kopie1-scaled.jpg","type":"","width":"","height":""}],"twitter_card":"summary_large_image","twitter_misc":{"Est. reading time":"3 minutes"},"schema":{"@context":"https:\/\/schema.org","@graph":[{"@type":"WebPage","@id":"https:\/\/wp.autoexpo-portal.de\/index.php\/portrait\/","url":"https:\/\/wp.autoexpo-portal.de\/index.php\/portrait\/","name":"Portrait - Mehr \u00fcber uns | autoexpo Deutsche Automarkt GmbH","isPartOf":{"@id":"https:\/\/wp.autoexpo-portal.de\/#website"},"primaryImageOfPage":{"@id":"https:\/\/wp.autoexpo-portal.de\/index.php\/portrait\/#primaryimage"},"image":{"@id":"https:\/\/wp.autoexpo-portal.de\/index.php\/portrait\/#primaryimage"},"thumbnailUrl":"https:\/\/wp.autoexpo-portal.de\/wp-content\/uploads\/2021\/12\/Gelande_2_kopie1-scaled.jpg","datePublished":"2019-01-29T13:54:55+00:00","dateModified":"2026-01-13T13:14:50+00:00","description":"Zahlen, Daten & Fakten zur autoexpo \u2013 Seit 1989 eines der gr\u00f6\u00dften Gebrauchtwagenzentren Europas. \u00dcber 1.500 Fahrzeuge auf 78.000\u202fm\u00b2. \u25ba Mehr erfahren","breadcrumb":{"@id":"https:\/\/wp.autoexpo-portal.de\/index.php\/portrait\/#breadcrumb"},"inLanguage":"en-US","potentialAction":[{"@type":"ReadAction","target":["https:\/\/wp.autoexpo-portal.de\/index.php\/portrait\/"]}]},{"@type":"ImageObject","inLanguage":"en-US","@id":"https:\/\/wp.autoexpo-portal.de\/index.php\/portrait\/#primaryimage","url":"https:\/\/wp.autoexpo-portal.de\/wp-content\/uploads\/2021\/12\/Gelande_2_kopie1-scaled.jpg","contentUrl":"https:\/\/wp.autoexpo-portal.de\/wp-content\/uploads\/2021\/12\/Gelande_2_kopie1-scaled.jpg","width":2560,"height":1708,"caption":"Autoexpo Gel\u00e4nde"},{"@type":"BreadcrumbList","@id":"https:\/\/wp.autoexpo-portal.de\/index.php\/portrait\/#breadcrumb","itemListElement":[{"@type":"ListItem","position":1,"name":"Home","item":"https:\/\/wp.autoexpo-portal.de\/"},{"@type":"ListItem","position":2,"name":"Portrait"}]},{"@type":"WebSite","@id":"https:\/\/wp.autoexpo-portal.de\/#website","url":"https:\/\/wp.autoexpo-portal.de\/","name":"autoexpo","description":"\ud83d\ude97 Einer der gr\u00f6\u00dften Gebrauchtwagenh\u00e4ndler in Europa: Leasingr\u00fcckl\u00e4ufer Autohandel \u2714\ufe0f 1.500+ Fahrzeuge \u2714\ufe0f Top-Preise \u25ba Jetzt online entdecken!","publisher":{"@id":"https:\/\/wp.autoexpo-portal.de\/#organization"},"potentialAction":[{"@type":"SearchAction","target":{"@type":"EntryPoint","urlTemplate":"https:\/\/wp.autoexpo-portal.de\/?s={search_term_string}"},"query-input":{"@type":"PropertyValueSpecification","valueRequired":true,"valueName":"search_term_string"}}],"inLanguage":"en-US"},{"@type":"Organization","@id":"https:\/\/wp.autoexpo-portal.de\/#organization","name":"autoexpo","url":"https:\/\/wp.autoexpo-portal.de\/","logo":{"@type":"ImageObject","inLanguage":"en-US","@id":"https:\/\/wp.autoexpo-portal.de\/#\/schema\/logo\/image\/","url":"https:\/\/wp.autoexpo-portal.de\/wp-content\/uploads\/2025\/04\/logo-autoexpo-trans.png","contentUrl":"https:\/\/wp.autoexpo-portal.de\/wp-content\/uploads\/2025\/04\/logo-autoexpo-trans.png","width":600,"height":113,"caption":"autoexpo"},"image":{"@id":"https:\/\/wp.autoexpo-portal.de\/#\/schema\/logo\/image\/"},"sameAs":["https:\/\/www.facebook.com\/autoexpofernwald","https:\/\/www.instagram.com\/autoexpofernwald\/?hl=de"]}]}},"_links":{"self":[{"href":"https:\/\/wp.autoexpo-portal.de\/index.php\/wp-json\/wp\/v2\/pages\/617","targetHints":{"allow":["GET"]}}],"collection":[{"href":"https:\/\/wp.autoexpo-portal.de\/index.php\/wp-json\/wp\/v2\/pages"}],"about":[{"href":"https:\/\/wp.autoexpo-portal.de\/index.php\/wp-json\/wp\/v2\/types\/page"}],"author":[{"embeddable":true,"href":"https:\/\/wp.autoexpo-portal.de\/index.php\/wp-json\/wp\/v2\/users\/9"}],"replies":[{"embeddable":true,"href":"https:\/\/wp.autoexpo-portal.de\/index.php\/wp-json\/wp\/v2\/comments?post=617"}],"version-history":[{"count":15,"href":"https:\/\/wp.autoexpo-portal.de\/index.php\/wp-json\/wp\/v2\/pages\/617\/revisions"}],"predecessor-version":[{"id":3635,"href":"https:\/\/wp.autoexpo-portal.de\/index.php\/wp-json\/wp\/v2\/pages\/617\/revisions\/3635"}],"wp:attachment":[{"href":"https:\/\/wp.autoexpo-portal.de\/index.php\/wp-json\/wp\/v2\/media?parent=617"}],"curies":[{"name":"wp","href":"https:\/\/api.w.org\/{rel}","templated":true}]}}