







{"id":291,"date":"2018-12-10T09:45:17","date_gmt":"2018-12-10T07:45:17","guid":{"rendered":"http:\/\/wp-test.autoexpo-portal.de\/?page_id=291"},"modified":"2025-12-18T13:06:39","modified_gmt":"2025-12-18T12:06:39","slug":"faq","status":"publish","type":"page","link":"https:\/\/wp.autoexpo-portal.de\/index.php\/faq\/","title":{"rendered":"FAQ"},"content":{"rendered":"\t\t<div data-elementor-type=\"wp-post\" data-elementor-id=\"291\" class=\"elementor elementor-291\">\n\t\t\t\t\t\t<section class=\"elementor-section elementor-top-section elementor-element elementor-element-653a47 elementor-section-boxed elementor-section-height-default elementor-section-height-default\" data-id=\"653a47\" data-element_type=\"section\" data-e-type=\"section\">\n\t\t\t\t\t\t<div class=\"elementor-container elementor-column-gap-default\">\n\t\t\t\t\t<div class=\"elementor-column elementor-col-100 elementor-top-column elementor-element elementor-element-599ec9d0\" data-id=\"599ec9d0\" data-element_type=\"column\" data-e-type=\"column\">\n\t\t\t<div class=\"elementor-widget-wrap elementor-element-populated\">\n\t\t\t\t\t\t<div class=\"elementor-element elementor-element-43dec163 elementor-widget elementor-widget-text-editor\" data-id=\"43dec163\" data-element_type=\"widget\" data-e-type=\"widget\" data-widget_type=\"text-editor.default\">\n\t\t\t\t\t\t\t\t\t<style>\n  .autoexpo-title,\n  .autoexpo-subtitle {\n    color: #830A2F !important; \/* Brandfarbe *\/\n    font-family: 'Helvetica Neue', Helvetica, Arial, sans-serif;\n  }\n\n  .autoexpo-title {\n    margin-top: 0;\n    text-align: center;\n  }\n<\/style>\n\n<h1 class=\"autoexpo-title\">Hier finden Sie die Antworten auf die h\u00e4ufigsten Fragen.<\/h1>\n<h2 class=\"autoexpo-subtitle\">Brauche ich einen Termin zur Besichtigung?<\/h2>\nGerne k\u00f6nnen Sie sich alle Fahrzeuge im \u00f6ffentlichen Bereich auch ohne Termin ansehen. Wenn Sie ein Fahrzeug von innen besichtigen m\u00f6chten, eine Reservierung eines Fahrzeugs w\u00fcnschen oder Interesse am Kauf eines Fahrzeugs haben, empfehlen wir eine telefonische Kontaktaufnahme zur Terminvereinbarung: <a href=\"tel:+49640450639992\"><strong>+49 (0) 6404-5063-9992<\/strong><\/a>\nWenn Sie ohne Terminvereinbarung vorbeischauen, k\u00f6nnte es sein, dass sich unsere Verk\u00e4ufer und Verk\u00e4uferinnen alle im Gespr\u00e4ch befinden.\n<h2 class=\"autoexpo-subtitle\">Sind Ihre Fahrzeuge scheckheftgepflegt?<\/h2>\nDa unsere Fahrzeuge \u00fcberwiegend aus Firmenkunden-Flotten kommen, sind diese in der Regel scheckheftgepflegt.\n<h2 class=\"autoexpo-subtitle\">Haben die Fahrzeuge Garantie?<\/h2>\nF\u00fcr alle Fahrzeuge, die von der <strong>auto<\/strong>expo an Endkunden verkauft werden, bieten wir optional\u00a0 eine 12-monatige Reparaturkostenversicherung ab 262,- Euro oder eine 24-monatige ab 392,- Euro \u00fcber unseren Partner Real Garant Versicherung AG an.\nFahrzeuge mit einer Laufleistung \u00fcber 170.000 Kilometer bieten wir grunds\u00e4tzlich nur noch an Gewerbetreibende bzw. f\u00fcr unsere Exportkunden an.\n<h2 class=\"autoexpo-subtitle\">Sind die Fahrzeuge gepr\u00fcft und in Ordnung?<\/h2>\nSelbstverst\u00e4ndlich. Jedes unserer Fahrzeuge wird bei Ankunft sofort einem umfassenden Fahrzeugcheck unterzogen. Hierbei werden unter anderem alle technischen Funktionen sowie die Verkehrssicherheit \u00fcberpr\u00fcft. Eventuelle Auff\u00e4lligkeiten werden dokumentiert und &#8211; sofern nicht anders vermerkt &#8211; umgehend beseitigt. Sie erhalten von uns ausschlie\u00dflich gutachtergepr\u00fcfte und verkehrssichere Fahrzeuge.\n<h2 class=\"autoexpo-subtitle\">Kann man die Fahrzeuge finanzieren?<\/h2>\nWir bieten klassische Finanzierungen <u>f\u00fcr den privaten Kunden und Gewerbetreibenden<\/u> an. \u00dcber die Santander Consumer Bank k\u00f6nnen Sie zwischen verschiedenen Finanzierungsformen w\u00e4hlen, mit oder ohne Anzahlung, kurze oder lange Laufzeit, mit oder ohne Ballonrate. Gerne beraten wir Sie in einem pers\u00f6nlichen Gespr\u00e4ch \u00fcber unsere g\u00fcnstigen Konditionen.\n<h2 class=\"autoexpo-subtitle\">Was muss ich f\u00fcr den Fahrzeugkauf an Unterlagen mitbringen?<\/h2>\nSie sollten einen g\u00fcltigen Personalausweis (oder Reisepass mit Meldebescheinigung oder ggf. Aufenthaltstitel) sowie Ihren F\u00fchrerschein dabei haben. Falls Sie ein Finanzierungsangebot w\u00fcnschen, bringen Sie bitte dar\u00fcber hinaus die letzten drei Einkommensnachweise sowie einen Kontoauszug mit dem Einkommensnachweis mit.\n<h2 class=\"autoexpo-subtitle\">Was mache ich, wenn ich hier interessante Angebote gefunden habe?<\/h2>\nNehmen Sie Kontakt mit uns auf. Entweder per Email an <strong><a href=\"mailto:info@autoexpo.de\">info@autoexpo.de<\/a><\/strong> oder auch gerne telefonisch unter der Rufnummer +49 (0)6404 \u2013 5063-9992\n<h2 class=\"autoexpo-subtitle\">K\u00f6nnen Sie mich informieren, wenn mein Wunschfahrzeug bei Ihnen eintrifft?<\/h2>\nGerne. Bitte benutzen Sie hierf\u00fcr unsere Findebenachrichtigung. Diese k\u00f6nnen Sie problemlos aktivieren und Sie werden automatisch per Email informiert, sobald Ihr Wunschfahrzeug bei uns eintrifft.\n<h2 class=\"autoexpo-subtitle\">Nehmen Sie auch Fahrzeuge in Zahlung?<\/h2>\nF\u00fcr Ihr Fahrzeug erstellen wir Ihnen gerne ein Angebot. Sprechen Sie dazu bitte unser Verkaufsteam an.\n<h2 class=\"autoexpo-subtitle\">Ist eine Barzahlung der gekauften Fahrzeuge m\u00f6glich?<\/h2>\nNein, die Bezahlung der gekauften Fahrzeuge ist nur per \u00dcberweisung auf das in der Rechnung benannte Konto bei der Sparkasse Gie\u00dfen m\u00f6glich.\n<h2 class=\"autoexpo-subtitle\">Wann kann ich mein Auto abholen?<\/h2>\nAbholungen sind von montags bis freitags gem\u00e4\u00df Terminvereinbarung m\u00f6glich.\n<h2 class=\"autoexpo-subtitle\">Kann ich ein Fahrzeug reservieren?<\/h2>\nJa. Sie k\u00f6nnen Ihr Wunschfahrzeug 24 Stunden reservieren. Kontaktieren Sie uns per Email an <strong><a href=\"mailto:info@autoexpo.de\">info@autoexpo.de<\/a><\/strong>, gerne auch telefonisch unter der Rufnummer +49 (0)6404 \u2013 5063-9992\n<h2 class=\"autoexpo-subtitle\">Kann man Probefahrten vereinbaren?<\/h2>\nEine Probefahrt ist bei der Gr\u00f6\u00dfe unseres Bestandes organisatorisch nicht abbildbar. Um dennoch sicherzustellen, dass wir nur qualit\u00e4tsgepr\u00fcfte Fahrzeuge ausliefern, erh\u00e4lt jedes unserer Fahrzeuge einen Zustandsbericht des T\u00dcV S\u00fcd. Au\u00dferdem erhalten alle Fahrzeuge, die an Privatkunden ver\u00e4u\u00dfert werden, kostenfrei vom T\u00dcV Nord f\u00fcr ihr erworbenes Auto die HU\/AU frisch zur Auslieferung.\n<h2 class=\"autoexpo-subtitle\">Welche Services bieten Sie zus\u00e4tzlich zum Fahrzeug an?<\/h2>\nWir bieten folgende Services rund ums Auto an: Finanzierung, Reparaturkostenversicherung, Fahrzeugaufbereitung, Werkstattdienste, Sch\u00f6nheitsreparaturen, HU\/AU, Reparatur von Glassch\u00e4den, Export-Abwicklung.\n<h2 class=\"autoexpo-subtitle\">Kann man sich als H\u00e4ndler bei Ihnen registrieren?<\/h2>\nWir bieten f\u00fcr Fahrzeug-H\u00e4ndler die M\u00f6glichkeit, sich auf unserer Homepage registrieren zu k\u00f6nnen. Dazu ben\u00f6tigen wir folgende Unterlagen: Gewerbeanmeldung (nicht \u00e4lter als 12 Monate), Ausweiskopie des Gesch\u00e4ftsf\u00fchrers (Vorder- und R\u00fcckseite) und Umsatzsteueridentnummer.\n\nUm die Registrierung zu starten, gehen Sie auf der Startseite oben rechts auf das User-Symbol und klicken auf Login\/H\u00e4ndlerregistrierung. Nach dem Ausf\u00fcllen des Formulars erhalten Sie eine E-Mail zur Verifizierung Ihrer eingetragenen E-Mail-Adresse. Anschlie\u00dfend k\u00f6nnen Sie die ben\u00f6tigten Unterlagen hochladen und die Registrierung abschlie\u00dfen. Die Freischaltung erfolgt nach erfolgreicher Pr\u00fcfung Ihrer Unterlagen.\t\t\t\t\t\t\t\t<\/div>\n\t\t\t\t\t<\/div>\n\t\t<\/div>\n\t\t\t\t\t<\/div>\n\t\t<\/section>\n\t\t\t\t<\/div>\n\t\t","protected":false},"excerpt":{"rendered":"<p>Hier finden Sie die Antworten auf die h\u00e4ufigsten Fragen. Brauche ich einen Termin zur Besichtigung? Gerne k\u00f6nnen Sie sich alle Fahrzeuge im \u00f6ffentlichen Bereich auch ohne Termin ansehen. Wenn Sie ein Fahrzeug von innen besichtigen m\u00f6chten, eine Reservierung eines Fahrzeugs w\u00fcnschen oder Interesse am Kauf eines Fahrzeugs haben, empfehlen wir eine telefonische Kontaktaufnahme zur Terminvereinbarung: &hellip; <\/p>\n<p class=\"link-more\"><a href=\"https:\/\/wp.autoexpo-portal.de\/index.php\/faq\/\" class=\"more-link\">Continue reading<span class=\"screen-reader-text\"> &#8220;FAQ&#8221;<\/span><\/a><\/p>\n","protected":false},"author":9,"featured_media":0,"parent":0,"menu_order":0,"comment_status":"closed","ping_status":"closed","template":"elementor_header_footer","meta":{"footnotes":""},"class_list":["post-291","page","type-page","status-publish","hentry"],"yoast_head":"<!-- This site is optimized with the Yoast SEO plugin v27.5 - https:\/\/yoast.com\/product\/yoast-seo-wordpress\/ -->\n<title>FAQ - Ihre Fragen, unsere Antworten | autoexpo<\/title>\n<meta name=\"description\" content=\"Antworten auf die h\u00e4ufigsten Fragen rund um Besichtigung, Garantie, Finanzierung, Probefahrt &amp; mehr \u25ba Jeder Schritt zum neuen Auto leicht gemacht\" \/>\n<meta name=\"robots\" content=\"index, follow, max-snippet:-1, max-image-preview:large, max-video-preview:-1\" \/>\n<link rel=\"canonical\" href=\"https:\/\/wp.autoexpo-portal.de\/index.php\/faq\/\" \/>\n<meta property=\"og:locale\" content=\"en_US\" \/>\n<meta property=\"og:type\" content=\"article\" \/>\n<meta property=\"og:title\" content=\"FAQ - Ihre Fragen, unsere Antworten | autoexpo\" \/>\n<meta property=\"og:description\" content=\"Antworten auf die h\u00e4ufigsten Fragen rund um Besichtigung, Garantie, Finanzierung, Probefahrt &amp; mehr \u25ba Jeder Schritt zum neuen Auto leicht gemacht\" \/>\n<meta property=\"og:url\" content=\"https:\/\/wp.autoexpo-portal.de\/index.php\/faq\/\" \/>\n<meta property=\"og:site_name\" content=\"autoexpo \u2013 Gebrauchtwagen Autohaus | Leasingr\u00fcckl\u00e4ufer kaufen\" \/>\n<meta property=\"article:publisher\" content=\"https:\/\/www.facebook.com\/autoexpofernwald\" \/>\n<meta property=\"article:modified_time\" content=\"2025-12-18T12:06:39+00:00\" \/>\n<meta name=\"twitter:card\" content=\"summary_large_image\" \/>\n<meta name=\"twitter:label1\" content=\"Est. reading time\" \/>\n\t<meta name=\"twitter:data1\" content=\"3 minutes\" \/>\n<script type=\"application\/ld+json\" class=\"yoast-schema-graph\">{\"@context\":\"https:\\\/\\\/schema.org\",\"@graph\":[{\"@type\":\"WebPage\",\"@id\":\"https:\\\/\\\/wp.autoexpo-portal.de\\\/index.php\\\/faq\\\/\",\"url\":\"https:\\\/\\\/wp.autoexpo-portal.de\\\/index.php\\\/faq\\\/\",\"name\":\"FAQ - Ihre Fragen, unsere Antworten | autoexpo\",\"isPartOf\":{\"@id\":\"https:\\\/\\\/wp.autoexpo-portal.de\\\/#website\"},\"datePublished\":\"2018-12-10T07:45:17+00:00\",\"dateModified\":\"2025-12-18T12:06:39+00:00\",\"description\":\"Antworten auf die h\u00e4ufigsten Fragen rund um Besichtigung, Garantie, Finanzierung, Probefahrt & mehr \u25ba Jeder Schritt zum neuen Auto leicht gemacht\",\"breadcrumb\":{\"@id\":\"https:\\\/\\\/wp.autoexpo-portal.de\\\/index.php\\\/faq\\\/#breadcrumb\"},\"inLanguage\":\"en-US\",\"potentialAction\":[{\"@type\":\"ReadAction\",\"target\":[\"https:\\\/\\\/wp.autoexpo-portal.de\\\/index.php\\\/faq\\\/\"]}]},{\"@type\":\"BreadcrumbList\",\"@id\":\"https:\\\/\\\/wp.autoexpo-portal.de\\\/index.php\\\/faq\\\/#breadcrumb\",\"itemListElement\":[{\"@type\":\"ListItem\",\"position\":1,\"name\":\"Home\",\"item\":\"https:\\\/\\\/wp.autoexpo-portal.de\\\/\"},{\"@type\":\"ListItem\",\"position\":2,\"name\":\"FAQ\"}]},{\"@type\":\"WebSite\",\"@id\":\"https:\\\/\\\/wp.autoexpo-portal.de\\\/#website\",\"url\":\"https:\\\/\\\/wp.autoexpo-portal.de\\\/\",\"name\":\"autoexpo\",\"description\":\"\ud83d\ude97 Einer der gr\u00f6\u00dften Gebrauchtwagenh\u00e4ndler in Europa: Leasingr\u00fcckl\u00e4ufer Autohandel \u2714\ufe0f 1.500+ Fahrzeuge \u2714\ufe0f Top-Preise \u25ba Jetzt online entdecken!\",\"publisher\":{\"@id\":\"https:\\\/\\\/wp.autoexpo-portal.de\\\/#organization\"},\"potentialAction\":[{\"@type\":\"SearchAction\",\"target\":{\"@type\":\"EntryPoint\",\"urlTemplate\":\"https:\\\/\\\/wp.autoexpo-portal.de\\\/?s={search_term_string}\"},\"query-input\":{\"@type\":\"PropertyValueSpecification\",\"valueRequired\":true,\"valueName\":\"search_term_string\"}}],\"inLanguage\":\"en-US\"},{\"@type\":\"Organization\",\"@id\":\"https:\\\/\\\/wp.autoexpo-portal.de\\\/#organization\",\"name\":\"autoexpo\",\"url\":\"https:\\\/\\\/wp.autoexpo-portal.de\\\/\",\"logo\":{\"@type\":\"ImageObject\",\"inLanguage\":\"en-US\",\"@id\":\"https:\\\/\\\/wp.autoexpo-portal.de\\\/#\\\/schema\\\/logo\\\/image\\\/\",\"url\":\"https:\\\/\\\/wp.autoexpo-portal.de\\\/wp-content\\\/uploads\\\/2025\\\/04\\\/logo-autoexpo-trans.png\",\"contentUrl\":\"https:\\\/\\\/wp.autoexpo-portal.de\\\/wp-content\\\/uploads\\\/2025\\\/04\\\/logo-autoexpo-trans.png\",\"width\":600,\"height\":113,\"caption\":\"autoexpo\"},\"image\":{\"@id\":\"https:\\\/\\\/wp.autoexpo-portal.de\\\/#\\\/schema\\\/logo\\\/image\\\/\"},\"sameAs\":[\"https:\\\/\\\/www.facebook.com\\\/autoexpofernwald\",\"https:\\\/\\\/www.instagram.com\\\/autoexpofernwald\\\/?hl=de\"]}]}<\/script>\n<!-- \/ Yoast SEO plugin. -->","yoast_head_json":{"title":"FAQ - Ihre Fragen, unsere Antworten | autoexpo","description":"Antworten auf die h\u00e4ufigsten Fragen rund um Besichtigung, Garantie, Finanzierung, Probefahrt & mehr \u25ba Jeder Schritt zum neuen Auto leicht gemacht","robots":{"index":"index","follow":"follow","max-snippet":"max-snippet:-1","max-image-preview":"max-image-preview:large","max-video-preview":"max-video-preview:-1"},"canonical":"https:\/\/wp.autoexpo-portal.de\/index.php\/faq\/","og_locale":"en_US","og_type":"article","og_title":"FAQ - Ihre Fragen, unsere Antworten | autoexpo","og_description":"Antworten auf die h\u00e4ufigsten Fragen rund um Besichtigung, Garantie, Finanzierung, Probefahrt & mehr \u25ba Jeder Schritt zum neuen Auto leicht gemacht","og_url":"https:\/\/wp.autoexpo-portal.de\/index.php\/faq\/","og_site_name":"autoexpo \u2013 Gebrauchtwagen Autohaus | Leasingr\u00fcckl\u00e4ufer kaufen","article_publisher":"https:\/\/www.facebook.com\/autoexpofernwald","article_modified_time":"2025-12-18T12:06:39+00:00","twitter_card":"summary_large_image","twitter_misc":{"Est. reading time":"3 minutes"},"schema":{"@context":"https:\/\/schema.org","@graph":[{"@type":"WebPage","@id":"https:\/\/wp.autoexpo-portal.de\/index.php\/faq\/","url":"https:\/\/wp.autoexpo-portal.de\/index.php\/faq\/","name":"FAQ - Ihre Fragen, unsere Antworten | autoexpo","isPartOf":{"@id":"https:\/\/wp.autoexpo-portal.de\/#website"},"datePublished":"2018-12-10T07:45:17+00:00","dateModified":"2025-12-18T12:06:39+00:00","description":"Antworten auf die h\u00e4ufigsten Fragen rund um Besichtigung, Garantie, Finanzierung, Probefahrt & mehr \u25ba Jeder Schritt zum neuen Auto leicht gemacht","breadcrumb":{"@id":"https:\/\/wp.autoexpo-portal.de\/index.php\/faq\/#breadcrumb"},"inLanguage":"en-US","potentialAction":[{"@type":"ReadAction","target":["https:\/\/wp.autoexpo-portal.de\/index.php\/faq\/"]}]},{"@type":"BreadcrumbList","@id":"https:\/\/wp.autoexpo-portal.de\/index.php\/faq\/#breadcrumb","itemListElement":[{"@type":"ListItem","position":1,"name":"Home","item":"https:\/\/wp.autoexpo-portal.de\/"},{"@type":"ListItem","position":2,"name":"FAQ"}]},{"@type":"WebSite","@id":"https:\/\/wp.autoexpo-portal.de\/#website","url":"https:\/\/wp.autoexpo-portal.de\/","name":"autoexpo","description":"\ud83d\ude97 Einer der gr\u00f6\u00dften Gebrauchtwagenh\u00e4ndler in Europa: Leasingr\u00fcckl\u00e4ufer Autohandel \u2714\ufe0f 1.500+ Fahrzeuge \u2714\ufe0f Top-Preise \u25ba Jetzt online entdecken!","publisher":{"@id":"https:\/\/wp.autoexpo-portal.de\/#organization"},"potentialAction":[{"@type":"SearchAction","target":{"@type":"EntryPoint","urlTemplate":"https:\/\/wp.autoexpo-portal.de\/?s={search_term_string}"},"query-input":{"@type":"PropertyValueSpecification","valueRequired":true,"valueName":"search_term_string"}}],"inLanguage":"en-US"},{"@type":"Organization","@id":"https:\/\/wp.autoexpo-portal.de\/#organization","name":"autoexpo","url":"https:\/\/wp.autoexpo-portal.de\/","logo":{"@type":"ImageObject","inLanguage":"en-US","@id":"https:\/\/wp.autoexpo-portal.de\/#\/schema\/logo\/image\/","url":"https:\/\/wp.autoexpo-portal.de\/wp-content\/uploads\/2025\/04\/logo-autoexpo-trans.png","contentUrl":"https:\/\/wp.autoexpo-portal.de\/wp-content\/uploads\/2025\/04\/logo-autoexpo-trans.png","width":600,"height":113,"caption":"autoexpo"},"image":{"@id":"https:\/\/wp.autoexpo-portal.de\/#\/schema\/logo\/image\/"},"sameAs":["https:\/\/www.facebook.com\/autoexpofernwald","https:\/\/www.instagram.com\/autoexpofernwald\/?hl=de"]}]}},"_links":{"self":[{"href":"https:\/\/wp.autoexpo-portal.de\/index.php\/wp-json\/wp\/v2\/pages\/291","targetHints":{"allow":["GET"]}}],"collection":[{"href":"https:\/\/wp.autoexpo-portal.de\/index.php\/wp-json\/wp\/v2\/pages"}],"about":[{"href":"https:\/\/wp.autoexpo-portal.de\/index.php\/wp-json\/wp\/v2\/types\/page"}],"author":[{"embeddable":true,"href":"https:\/\/wp.autoexpo-portal.de\/index.php\/wp-json\/wp\/v2\/users\/9"}],"replies":[{"embeddable":true,"href":"https:\/\/wp.autoexpo-portal.de\/index.php\/wp-json\/wp\/v2\/comments?post=291"}],"version-history":[{"count":0,"href":"https:\/\/wp.autoexpo-portal.de\/index.php\/wp-json\/wp\/v2\/pages\/291\/revisions"}],"wp:attachment":[{"href":"https:\/\/wp.autoexpo-portal.de\/index.php\/wp-json\/wp\/v2\/media?parent=291"}],"curies":[{"name":"wp","href":"https:\/\/api.w.org\/{rel}","templated":true}]}}